{"id":472,"date":"2021-01-31T19:11:09","date_gmt":"2021-01-31T18:11:09","guid":{"rendered":"http:\/\/c2-educcanin.fr\/?page_id=472"},"modified":"2021-02-23T13:53:00","modified_gmt":"2021-02-23T12:53:00","slug":"education","status":"publish","type":"page","link":"https:\/\/c2-educcanin.fr\/?page_id=472","title":{"rendered":"Education &#038; r\u00e9\u00e9ducation"},"content":{"rendered":"\t\t<div data-elementor-type=\"wp-page\" data-elementor-id=\"472\" class=\"elementor elementor-472\" data-elementor-settings=\"[]\">\n\t\t\t\t\t\t<div class=\"elementor-inner\">\n\t\t\t\t\t\t\t<div class=\"elementor-section-wrap\">\n\t\t\t\t\t\t\t<section class=\"elementor-section elementor-top-section elementor-element elementor-element-7f91436 elementor-section-content-middle elementor-section-boxed elementor-section-height-default elementor-section-height-default\" data-id=\"7f91436\" data-element_type=\"section\">\n\t\t\t\t\t\t<div class=\"elementor-container elementor-column-gap-no\">\n\t\t\t\t\t\t\t<div class=\"elementor-row\">\n\t\t\t\t\t<div class=\"elementor-column elementor-col-100 elementor-top-column elementor-element elementor-element-9d8e0ed\" data-id=\"9d8e0ed\" data-element_type=\"column\">\n\t\t\t<div class=\"elementor-column-wrap elementor-element-populated\">\n\t\t\t\t\t\t\t<div class=\"elementor-widget-wrap\">\n\t\t\t\t\t\t<div class=\"elementor-element elementor-element-66387ef elementor-widget elementor-widget-image\" data-id=\"66387ef\" data-element_type=\"widget\" data-widget_type=\"image.default\">\n\t\t\t\t<div class=\"elementor-widget-container\">\n\t\t\t\t\t<div class=\"elementor-image\">\n\t\t\t\t\t\t\t\t\t\t<img width=\"540\" height=\"430\" src=\"https:\/\/c2-educcanin.fr\/wp-content\/uploads\/2021\/01\/jinxext-540x430.jpg\" class=\"attachment-astral-about-thumb size-astral-about-thumb\" alt=\"\" loading=\"lazy\" \/>\t\t\t\t\t\t\t\t\t\t\t<\/div>\n\t\t\t\t<\/div>\n\t\t\t\t<\/div>\n\t\t\t\t<div class=\"elementor-element elementor-element-baad310 elementor-widget elementor-widget-heading\" data-id=\"baad310\" data-element_type=\"widget\" data-widget_type=\"heading.default\">\n\t\t\t\t<div class=\"elementor-widget-container\">\n\t\t\t<span class=\"elementor-heading-title elementor-size-default\">Education &amp; r\u00e9\u00e9ducation<\/span>\t\t<\/div>\n\t\t\t\t<\/div>\n\t\t\t\t<div class=\"elementor-element elementor-element-f16a95a elementor-widget elementor-widget-heading\" data-id=\"f16a95a\" data-element_type=\"widget\" data-widget_type=\"heading.default\">\n\t\t\t\t<div class=\"elementor-widget-container\">\n\t\t\t<span class=\"elementor-heading-title elementor-size-default\">\u00c9ducation canine<\/span>\t\t<\/div>\n\t\t\t\t<\/div>\n\t\t\t\t<div class=\"elementor-element elementor-element-f6c6717 elementor-widget elementor-widget-text-editor\" data-id=\"f6c6717\" data-element_type=\"widget\" data-widget_type=\"text-editor.default\">\n\t\t\t\t<div class=\"elementor-widget-container\">\n\t\t\t\t\t<div class=\"elementor-text-editor elementor-clearfix\"><h6>L&#8217;\u00e9ducation canine est un enseignement, compos\u00e9 de diverses m\u00e9thodes et techniques, pour apprendre au chien le bon comportement \u00e0 adopter et les r\u00e8gles de vie au sein de son foyer. Il est important d&#8217;instaurer cela le plus t\u00f4t possible afin de partir sur de bonnes bases et d&#8217;\u00e9viter des troubles du comportements plus tard. L&#8217;\u00e9ducation rime aussi avec &#8220;sociabilisation&#8221; et &#8220;relation&#8221; pourquoi? car d\u00e9marrer avec un chien bien sociabilis\u00e9 et \u00e9tablir une relation de confiance et de complicit\u00e9 avec lui, c&#8217;est le d\u00e9but d&#8217;un bon processus d&#8217;\u00e9ducation canine.<\/h6><h6>En tant qu&#8217;\u00e9ducateur canin, je suis \u00e0 votre disposition pour vous donner les outils n\u00e9cessaires \u00e0 une bonne \u00e9ducation afin de vivre en harmonie avec votre chien. Nous travaillerons ensemble les diff\u00e9rents exercices de bases n\u00e9cessaire dans la vie quotidienne, \u00e0 votre domicile ou en ext\u00e9rieur (Ville, parc ou for\u00eat), selon le nombre de s\u00e9ances d\u00e9finies ensemble lors de l&#8217;\u00e9valuation comportementale de votre compagnon.\u00a0<\/h6><h6>Je ne pr\u00f4ne pas une m\u00e9thode en particulier, puisqu&#8217;en \u00e9ducation canine les m\u00e9thodes sont diverses,\u00a0 je vais m&#8217;adapter surtout au chien par rapport \u00e0 sa race et \u00e0 son caract\u00e8re, c&#8217;est de l\u00e0 que commence : <strong>le respect<\/strong>. Pendant mes cours, vous ne verrez pas de collier \u00e9lectrique ou de collier \u00e0 pointes, ce sont des outils qui n&#8217;ont pas lieu d&#8217;\u00eatre dans l&#8217;\u00e9ducation d&#8217;un chien, car je veille au bien-\u00eatre des chiens lors de mes s\u00e9ances, tant sur le plan physique que psychologique.<\/h6><h6>Lors des s\u00e9ances d&#8217;\u00e9ducation, nous verrons diff\u00e9rents exercices : l<strong>a marche en laisse sans tirer, les positions &#8220;Assis&#8221; et &#8220;Couch\u00e9&#8221;, le pas bouger, l&#8217;absence et le rappel.\u00a0<\/strong>\u00c0 chaque fin de s\u00e9ance, je ferai un bilan oral et je vous donnerez les exercices \u00e0 r\u00e9aliser, chez vous, jusqu&#8217;\u00e0 notre prochain rendez-vous.<\/h6><\/div>\n\t\t\t\t<\/div>\n\t\t\t\t<\/div>\n\t\t\t\t\t\t<\/div>\n\t\t\t\t\t<\/div>\n\t\t<\/div>\n\t\t\t\t\t\t\t\t<\/div>\n\t\t\t\t\t<\/div>\n\t\t<\/section>\n\t\t\t\t<section class=\"elementor-section elementor-top-section elementor-element elementor-element-f55798 elementor-section-content-middle elementor-section-boxed elementor-section-height-default elementor-section-height-default\" data-id=\"f55798\" data-element_type=\"section\">\n\t\t\t\t\t\t<div class=\"elementor-container elementor-column-gap-no\">\n\t\t\t\t\t\t\t<div class=\"elementor-row\">\n\t\t\t\t\t<div class=\"elementor-column elementor-col-100 elementor-top-column elementor-element elementor-element-9dedb2c\" data-id=\"9dedb2c\" data-element_type=\"column\">\n\t\t\t<div class=\"elementor-column-wrap elementor-element-populated\">\n\t\t\t\t\t\t\t<div class=\"elementor-widget-wrap\">\n\t\t\t\t\t\t<div class=\"elementor-element elementor-element-63c6e7e elementor-widget elementor-widget-heading\" data-id=\"63c6e7e\" data-element_type=\"widget\" data-widget_type=\"heading.default\">\n\t\t\t\t<div class=\"elementor-widget-container\">\n\t\t\t<span class=\"elementor-heading-title elementor-size-default\">Education &amp; r\u00e9\u00e9ducation<\/span>\t\t<\/div>\n\t\t\t\t<\/div>\n\t\t\t\t<div class=\"elementor-element elementor-element-396a7d7a elementor-widget elementor-widget-heading\" data-id=\"396a7d7a\" data-element_type=\"widget\" data-widget_type=\"heading.default\">\n\t\t\t\t<div class=\"elementor-widget-container\">\n\t\t\t<span class=\"elementor-heading-title elementor-size-default\">R\u00e9\u00e9ducation<\/span>\t\t<\/div>\n\t\t\t\t<\/div>\n\t\t\t\t<div class=\"elementor-element elementor-element-6dd9401d elementor-widget elementor-widget-text-editor\" data-id=\"6dd9401d\" data-element_type=\"widget\" data-widget_type=\"text-editor.default\">\n\t\t\t\t<div class=\"elementor-widget-container\">\n\t\t\t\t\t<div class=\"elementor-text-editor elementor-clearfix\"><h6>R\u00e9\u00e9duquer un chien c&#8217;est faire dispara\u00eetre un mauvais comportement pour faire appara\u00eetre un nouveau plus acceptable pour le ma\u00eetre.\u00a0<\/h6><h6>Quand on parle de r\u00e9\u00e9ducation, on parle g\u00e9n\u00e9ralement des troubles du comportement qui sont dus \u00e0 diff\u00e9rents facteurs (mauvaise socialisation, mauvaises conditions d&#8217;\u00e9levages, un \u00e9v\u00e8nement marquant, une \u00e9ducation inappropri\u00e9e \u2026)<\/h6><h6>Dans les troubles du comportement chez le chien nous retrouvons:<\/h6><ul><li><h6>Agressivit\u00e9 <strong>intersp\u00e9cifique <\/strong><em>(humains)<\/em><strong>\/ intrasp\u00e9cifique <\/strong><em>(cong\u00e9n\u00e8res)<\/em><\/h6><\/li><li><h6>Peur<\/h6><\/li><li><h6>Anxi\u00e9t\u00e9\/stress<\/h6><\/li><li><h6>Destruction<\/h6><\/li><li><h6>Malpropret\u00e9<\/h6><\/li><li><h6>Hyperactivit\u00e9<\/h6><\/li><li><h6>Hyper attachement<\/h6><\/li><li><h6>Aboiements intempestifs<\/h6><\/li><li><h6>Coprophagie <em>(mange ses excr\u00e9ments)<\/em><\/h6><\/li><\/ul><h6>Il faut bien prendre en compte le pass\u00e9 du chien, les conditions de vie du chien et les traumatismes \u00e9ventuels pour pouvoir mettre en place un travail de r\u00e9\u00e9ducation appropri\u00e9.<\/h6><\/div>\n\t\t\t\t<\/div>\n\t\t\t\t<\/div>\n\t\t\t\t\t\t<\/div>\n\t\t\t\t\t<\/div>\n\t\t<\/div>\n\t\t\t\t\t\t\t\t<\/div>\n\t\t\t\t\t<\/div>\n\t\t<\/section>\n\t\t\t\t<section class=\"elementor-section elementor-top-section elementor-element elementor-element-4e77618 elementor-section-content-middle elementor-section-boxed elementor-section-height-default elementor-section-height-default\" data-id=\"4e77618\" data-element_type=\"section\">\n\t\t\t\t\t\t<div class=\"elementor-container elementor-column-gap-no\">\n\t\t\t\t\t\t\t<div class=\"elementor-row\">\n\t\t\t\t\t<div class=\"elementor-column elementor-col-100 elementor-top-column elementor-element elementor-element-190b3c22\" data-id=\"190b3c22\" data-element_type=\"column\">\n\t\t\t<div class=\"elementor-column-wrap elementor-element-populated\">\n\t\t\t\t\t\t\t<div class=\"elementor-widget-wrap\">\n\t\t\t\t\t\t<div class=\"elementor-element elementor-element-5a397177 elementor-widget elementor-widget-heading\" data-id=\"5a397177\" data-element_type=\"widget\" data-widget_type=\"heading.default\">\n\t\t\t\t<div class=\"elementor-widget-container\">\n\t\t\t<h4 class=\"elementor-heading-title elementor-size-default\">Forfaits<\/h4>\t\t<\/div>\n\t\t\t\t<\/div>\n\t\t\t\t<div class=\"elementor-element elementor-element-3a938a7 elementor-widget elementor-widget-text-editor\" data-id=\"3a938a7\" data-element_type=\"widget\" data-widget_type=\"text-editor.default\">\n\t\t\t\t<div class=\"elementor-widget-container\">\n\t\t\t\t\t<div class=\"elementor-text-editor elementor-clearfix\"><h6>Chiots &amp; chiens adultes<\/h6><\/div>\n\t\t\t\t<\/div>\n\t\t\t\t<\/div>\n\t\t\t\t<div class=\"elementor-element elementor-element-63f9928 elementor-widget elementor-widget-image\" data-id=\"63f9928\" data-element_type=\"widget\" data-widget_type=\"image.default\">\n\t\t\t\t<div class=\"elementor-widget-container\">\n\t\t\t\t\t<div class=\"elementor-image\">\n\t\t\t\t\t\t\t\t\t\t<img width=\"300\" height=\"225\" src=\"https:\/\/c2-educcanin.fr\/wp-content\/uploads\/2021\/02\/jinxplage-300x225.jpg\" class=\"attachment-medium size-medium\" alt=\"\" loading=\"lazy\" srcset=\"https:\/\/c2-educcanin.fr\/wp-content\/uploads\/2021\/02\/jinxplage-300x225.jpg 300w, https:\/\/c2-educcanin.fr\/wp-content\/uploads\/2021\/02\/jinxplage-1024x768.jpg 1024w, https:\/\/c2-educcanin.fr\/wp-content\/uploads\/2021\/02\/jinxplage-768x576.jpg 768w, https:\/\/c2-educcanin.fr\/wp-content\/uploads\/2021\/02\/jinxplage-1536x1152.jpg 1536w, https:\/\/c2-educcanin.fr\/wp-content\/uploads\/2021\/02\/jinxplage.jpg 2048w\" sizes=\"(max-width: 300px) 100vw, 300px\" \/>\t\t\t\t\t\t\t\t\t\t\t<\/div>\n\t\t\t\t<\/div>\n\t\t\t\t<\/div>\n\t\t\t\t<section class=\"elementor-section elementor-inner-section elementor-element elementor-element-35b463ab elementor-section-content-middle elementor-section-boxed elementor-section-height-default elementor-section-height-default\" data-id=\"35b463ab\" data-element_type=\"section\">\n\t\t\t\t\t\t<div class=\"elementor-container elementor-column-gap-no\">\n\t\t\t\t\t\t\t<div class=\"elementor-row\">\n\t\t\t\t\t<div class=\"elementor-column elementor-col-50 elementor-inner-column elementor-element elementor-element-6552f61f\" data-id=\"6552f61f\" data-element_type=\"column\">\n\t\t\t<div class=\"elementor-column-wrap elementor-element-populated\">\n\t\t\t\t\t\t\t<div class=\"elementor-widget-wrap\">\n\t\t\t\t\t\t<div class=\"elementor-element elementor-element-16e4902 elementor-view-default elementor-widget elementor-widget-icon\" data-id=\"16e4902\" data-element_type=\"widget\" data-widget_type=\"icon.default\">\n\t\t\t\t<div class=\"elementor-widget-container\">\n\t\t\t\t\t<div class=\"elementor-icon-wrapper\">\n\t\t\t<div class=\"elementor-icon\">\n\t\t\t<i aria-hidden=\"true\" class=\"fas fa-paw\"><\/i>\t\t\t<\/div>\n\t\t<\/div>\n\t\t\t\t<\/div>\n\t\t\t\t<\/div>\n\t\t\t\t<div class=\"elementor-element elementor-element-5178f691 elementor-position-top elementor-vertical-align-top elementor-widget elementor-widget-image-box\" data-id=\"5178f691\" data-element_type=\"widget\" data-widget_type=\"image-box.default\">\n\t\t\t\t<div class=\"elementor-widget-container\">\n\t\t\t<div class=\"elementor-image-box-wrapper\"><div class=\"elementor-image-box-content\"><h3 class=\"elementor-image-box-title\">5 s\u00e9ances<\/h3><p class=\"elementor-image-box-description\">1 balade \u00e9ducative OFFERTE pour la souscription de ce forfait.<\/p><\/div><\/div>\t\t<\/div>\n\t\t\t\t<\/div>\n\t\t\t\t\t\t<\/div>\n\t\t\t\t\t<\/div>\n\t\t<\/div>\n\t\t\t\t<div class=\"elementor-column elementor-col-50 elementor-inner-column elementor-element elementor-element-3da1150a\" data-id=\"3da1150a\" data-element_type=\"column\">\n\t\t\t<div class=\"elementor-column-wrap elementor-element-populated\">\n\t\t\t\t\t\t\t<div class=\"elementor-widget-wrap\">\n\t\t\t\t\t\t<div class=\"elementor-element elementor-element-12a0fcf elementor-view-default elementor-widget elementor-widget-icon\" data-id=\"12a0fcf\" data-element_type=\"widget\" data-widget_type=\"icon.default\">\n\t\t\t\t<div class=\"elementor-widget-container\">\n\t\t\t\t\t<div class=\"elementor-icon-wrapper\">\n\t\t\t<div class=\"elementor-icon\">\n\t\t\t<i aria-hidden=\"true\" class=\"fas fa-paw\"><\/i>\t\t\t<\/div>\n\t\t<\/div>\n\t\t\t\t<\/div>\n\t\t\t\t<\/div>\n\t\t\t\t<div class=\"elementor-element elementor-element-6fa0ff35 elementor-position-top elementor-vertical-align-top elementor-widget elementor-widget-image-box\" data-id=\"6fa0ff35\" data-element_type=\"widget\" data-widget_type=\"image-box.default\">\n\t\t\t\t<div class=\"elementor-widget-container\">\n\t\t\t<div class=\"elementor-image-box-wrapper\"><div class=\"elementor-image-box-content\"><h3 class=\"elementor-image-box-title\">10 s\u00e9ances<\/h3><p class=\"elementor-image-box-description\">2 balades \u00e9ducatives OFFERTES pour la souscription de ce forfait.<\/p><\/div><\/div>\t\t<\/div>\n\t\t\t\t<\/div>\n\t\t\t\t\t\t<\/div>\n\t\t\t\t\t<\/div>\n\t\t<\/div>\n\t\t\t\t\t\t\t\t<\/div>\n\t\t\t\t\t<\/div>\n\t\t<\/section>\n\t\t\t\t\t\t<\/div>\n\t\t\t\t\t<\/div>\n\t\t<\/div>\n\t\t\t\t\t\t\t\t<\/div>\n\t\t\t\t\t<\/div>\n\t\t<\/section>\n\t\t\t\t<section class=\"elementor-section elementor-top-section elementor-element elementor-element-d5799a9 elementor-section-boxed elementor-section-height-default elementor-section-height-default\" data-id=\"d5799a9\" data-element_type=\"section\">\n\t\t\t\t\t\t<div class=\"elementor-container elementor-column-gap-default\">\n\t\t\t\t\t\t\t<div class=\"elementor-row\">\n\t\t\t\t\t<div class=\"elementor-column elementor-col-100 elementor-top-column elementor-element elementor-element-9ee58c8\" data-id=\"9ee58c8\" data-element_type=\"column\">\n\t\t\t<div class=\"elementor-column-wrap elementor-element-populated\">\n\t\t\t\t\t\t\t<div class=\"elementor-widget-wrap\">\n\t\t\t\t\t\t<div class=\"elementor-element elementor-element-e588f55 elementor-align-center elementor-widget elementor-widget-button\" data-id=\"e588f55\" data-element_type=\"widget\" data-widget_type=\"button.default\">\n\t\t\t\t<div class=\"elementor-widget-container\">\n\t\t\t\t\t<div class=\"elementor-button-wrapper\">\n\t\t\t<a href=\"http:\/\/c2-educcanin.fr\/?page_id=727\" class=\"elementor-button-link elementor-button elementor-size-sm\" role=\"button\">\n\t\t\t\t\t\t<span class=\"elementor-button-content-wrapper\">\n\t\t\t\t\t\t<span class=\"elementor-button-text\">Tarifs<\/span>\n\t\t<\/span>\n\t\t\t\t\t<\/a>\n\t\t<\/div>\n\t\t\t\t<\/div>\n\t\t\t\t<\/div>\n\t\t\t\t\t\t<\/div>\n\t\t\t\t\t<\/div>\n\t\t<\/div>\n\t\t\t\t\t\t\t\t<\/div>\n\t\t\t\t\t<\/div>\n\t\t<\/section>\n\t\t\t\t\t\t<\/div>\n\t\t\t\t\t\t<\/div>\n\t\t\t\t\t<\/div>\n\t\t","protected":false},"excerpt":{"rendered":"<p>\t\t\tEducation &amp; r\u00e9\u00e9ducation<br \/>\n\t\t\t\u00c9ducation canine<br \/>\nL&#8217;\u00e9ducation canine est un enseignement, compos\u00e9 de diverses m\u00e9thodes et techniques, pour apprendre au chien le bon comportement \u00e0 adopter et les r\u00e8gles de vie au sein &#8230;<\/p>\n","protected":false},"author":1,"featured_media":0,"parent":0,"menu_order":0,"comment_status":"closed","ping_status":"closed","template":"","meta":[],"_links":{"self":[{"href":"https:\/\/c2-educcanin.fr\/index.php?rest_route=\/wp\/v2\/pages\/472"}],"collection":[{"href":"https:\/\/c2-educcanin.fr\/index.php?rest_route=\/wp\/v2\/pages"}],"about":[{"href":"https:\/\/c2-educcanin.fr\/index.php?rest_route=\/wp\/v2\/types\/page"}],"author":[{"embeddable":true,"href":"https:\/\/c2-educcanin.fr\/index.php?rest_route=\/wp\/v2\/users\/1"}],"replies":[{"embeddable":true,"href":"https:\/\/c2-educcanin.fr\/index.php?rest_route=%2Fwp%2Fv2%2Fcomments&post=472"}],"version-history":[{"count":74,"href":"https:\/\/c2-educcanin.fr\/index.php?rest_route=\/wp\/v2\/pages\/472\/revisions"}],"predecessor-version":[{"id":1023,"href":"https:\/\/c2-educcanin.fr\/index.php?rest_route=\/wp\/v2\/pages\/472\/revisions\/1023"}],"wp:attachment":[{"href":"https:\/\/c2-educcanin.fr\/index.php?rest_route=%2Fwp%2Fv2%2Fmedia&parent=472"}],"curies":[{"name":"wp","href":"https:\/\/api.w.org\/{rel}","templated":true}]}}